{"id":1392,"date":"2024-04-25T15:32:25","date_gmt":"2024-04-25T13:32:25","guid":{"rendered":"https:\/\/bogdanovsb.com\/?page_id=1392"},"modified":"2024-04-25T15:39:47","modified_gmt":"2024-04-25T13:39:47","slug":"condiciones-de-uso","status":"publish","type":"page","link":"https:\/\/bogdanovsb.com\/index.php\/condiciones-de-uso\/","title":{"rendered":"Condiciones de uso"},"content":{"rendered":"\t\t<div data-elementor-type=\"wp-page\" data-elementor-id=\"1392\" class=\"elementor elementor-1392\" data-elementor-post-type=\"page\">\n\t\t\t\t<div class=\"elementor-element elementor-element-51089645 e-flex e-con-boxed wpr-particle-no wpr-jarallax-no wpr-parallax-no wpr-sticky-section-no wpr-equal-height-no e-con e-parent\" data-id=\"51089645\" data-element_type=\"container\" data-e-type=\"container\">\n\t\t\t\t\t<div class=\"e-con-inner\">\n\t\t\t\t<div class=\"elementor-element elementor-element-53dcea0e elementor-widget elementor-widget-text-editor\" data-id=\"53dcea0e\" data-element_type=\"widget\" data-e-type=\"widget\" data-widget_type=\"text-editor.default\">\n\t\t\t\t<div class=\"elementor-widget-container\">\n\t\t\t\t\t\t\t\t\t\n<h2 class=\"wp-block-heading\">Condiciones de uso<\/h2>\n<p>Bienvenido\/a a Bogdanov SB. Estas Condiciones de Uso regulan el acceso y uso de nuestro sitio web. Al acceder y utilizar este sitio web, aceptas cumplir y estar sujeto a estas Condiciones de Uso. Si no est\u00e1s de acuerdo con alguna parte de estas condiciones, te rogamos que no utilices nuestro sitio web.<\/p>\n<h4><strong>1. Uso del sitio web:<\/strong><\/h4>\n<p>Est\u00e1s autorizado\/a a utilizar nuestro sitio web con fines l\u00edcitos y de acuerdo con estas Condiciones de Uso. Queda prohibido utilizar nuestro sitio de cualquier manera que pueda da\u00f1ar, deshabilitar, sobrecargar o deteriorar el sitio web, o interferir con el uso y disfrute de terceros del mismo. No puedes intentar obtener acceso no autorizado a ninguna parte del sitio web, a otros sistemas o redes conectadas al sitio web, ni a ning\u00fan servidor, ni a ninguno de los servicios ofrecidos en el sitio web, mediante pirater\u00eda, extracci\u00f3n de contrase\u00f1as o cualquier otro medio.<\/p>\n<h4><strong>2. Contenido del sitio web:<\/strong><\/h4>\n<p>Todo el contenido de nuestro sitio web, incluidos, entre otros, textos, im\u00e1genes, gr\u00e1ficos, logotipos, videos, archivos de audio, marcas comerciales y nombres de dominio, es propiedad de Bogdanov SB o se utiliza con permiso. Este contenido est\u00e1 protegido por las leyes de propiedad intelectual y no puede ser utilizado sin autorizaci\u00f3n previa por escrito.<\/p>\n<h4><strong>3. Privacidad:<\/strong><\/h4>\n<p>Nuestra Pol\u00edtica de Privacidad describe c\u00f3mo recopilamos, usamos y protegemos tu informaci\u00f3n personal cuando utilizas nuestro sitio web. Al utilizar nuestro sitio web, aceptas nuestro uso de tu informaci\u00f3n de acuerdo con nuestra Pol\u00edtica de Privacidad.<\/p>\n<h4><strong>4. Limitaci\u00f3n de responsabilidad:<\/strong><\/h4>\n<p>En la m\u00e1xima medida permitida por la ley, renunciamos a cualquier responsabilidad por cualquier da\u00f1o directo, indirecto, incidental, especial o consecuente que surja del uso o la imposibilidad de usar nuestro sitio web, incluidos, entre otros, da\u00f1os por p\u00e9rdida de beneficios, datos u otras p\u00e9rdidas intangibles, incluso si se nos ha informado de la posibilidad de tales da\u00f1os.<\/p>\n<h4><strong>5. Modificaciones:<\/strong><\/h4>\n<p>Nos reservamos el derecho de modificar estas Condiciones de Uso en cualquier momento y sin previo aviso. Cualquier modificaci\u00f3n entrar\u00e1 en vigor inmediatamente despu\u00e9s de su publicaci\u00f3n en este sitio web. Se te recomienda revisar peri\u00f3dicamente esta p\u00e1gina para estar al tanto de cualquier cambio.<\/p>\n<h4><strong>6. Ley aplicable y jurisdicci\u00f3n:<\/strong><\/h4>\n<p>Estas Condiciones de Uso se rigen por las leyes de Espa\u00f1a. Cualquier disputa relacionada con estas Condiciones de Uso ser\u00e1 sometida a la jurisdicci\u00f3n exclusiva de los tribunales de Valencia.<\/p>\n<p>Si tienes alguna pregunta sobre estas Condiciones de Uso, no dudes en ponerte en contacto con nosotros a trav\u00e9s de hola@bogdanovsb.com.<\/p>\n\t\t\t\t\t\t\t\t<\/div>\n\t\t\t\t<\/div>\n\t\t\t\t\t<\/div>\n\t\t\t\t<\/div>\n\t\t\t\t<\/div>\n\t\t","protected":false},"excerpt":{"rendered":"<p>Condiciones de uso Bienvenido\/a a Bogdanov SB. Estas Condiciones de Uso regulan el acceso y uso de nuestro sitio web. Al acceder y utilizar este sitio web, aceptas cumplir y estar sujeto a estas Condiciones de Uso. Si no est\u00e1s de acuerdo con alguna parte de estas condiciones, te rogamos que no utilices nuestro sitio web. 1. Uso del sitio web: Est\u00e1s autorizado\/a a utilizar nuestro sitio web con fines l\u00edcitos y de acuerdo con estas Condiciones de Uso. Queda prohibido utilizar nuestro sitio de cualquier manera que pueda da\u00f1ar, deshabilitar, sobrecargar o deteriorar el sitio web, o interferir con el uso y disfrute de terceros del mismo. No puedes intentar obtener acceso no autorizado a ninguna parte del sitio web, a otros sistemas o redes conectadas al sitio web, ni a ning\u00fan servidor, ni a ninguno de los servicios ofrecidos en el sitio web, mediante pirater\u00eda, extracci\u00f3n de contrase\u00f1as o cualquier otro medio. 2. Contenido del sitio web: Todo el contenido de nuestro sitio web, incluidos, entre otros, textos, im\u00e1genes, gr\u00e1ficos, logotipos, videos, archivos de audio, marcas comerciales y nombres de dominio, es propiedad de Bogdanov SB o se utiliza con permiso. Este contenido est\u00e1 protegido por las leyes de propiedad intelectual y no puede ser utilizado sin autorizaci\u00f3n previa por escrito. 3. Privacidad: Nuestra Pol\u00edtica de Privacidad describe c\u00f3mo recopilamos, usamos y protegemos tu informaci\u00f3n personal cuando utilizas nuestro sitio web. Al utilizar nuestro sitio web, aceptas nuestro uso de tu informaci\u00f3n de acuerdo con nuestra Pol\u00edtica de Privacidad. 4. Limitaci\u00f3n de responsabilidad: En la m\u00e1xima medida permitida por la ley, renunciamos a cualquier responsabilidad por cualquier da\u00f1o directo, indirecto, incidental, especial o consecuente que surja del uso o la imposibilidad de usar nuestro sitio web, incluidos, entre otros, da\u00f1os por p\u00e9rdida de beneficios, datos u otras p\u00e9rdidas intangibles, incluso si se nos ha informado de la posibilidad de tales da\u00f1os. 5. Modificaciones: Nos reservamos el derecho de modificar estas Condiciones de Uso en cualquier momento y sin previo aviso. Cualquier modificaci\u00f3n entrar\u00e1 en vigor inmediatamente despu\u00e9s de su publicaci\u00f3n en este sitio web. Se te recomienda revisar peri\u00f3dicamente esta p\u00e1gina para estar al tanto de cualquier cambio. 6. Ley aplicable y jurisdicci\u00f3n: Estas Condiciones de Uso se rigen por las leyes de Espa\u00f1a. Cualquier disputa relacionada con estas Condiciones de Uso ser\u00e1 sometida a la jurisdicci\u00f3n exclusiva de los tribunales de Valencia. Si tienes alguna pregunta sobre estas Condiciones de Uso, no dudes en ponerte en contacto con nosotros a trav\u00e9s de hola@bogdanovsb.com.<\/p>\n","protected":false},"author":1,"featured_media":0,"parent":0,"menu_order":0,"comment_status":"closed","ping_status":"closed","template":"","meta":{"_eb_attr":"","footnotes":""},"class_list":["post-1392","page","type-page","status-publish","hentry"],"_links":{"self":[{"href":"https:\/\/bogdanovsb.com\/index.php\/wp-json\/wp\/v2\/pages\/1392","targetHints":{"allow":["GET"]}}],"collection":[{"href":"https:\/\/bogdanovsb.com\/index.php\/wp-json\/wp\/v2\/pages"}],"about":[{"href":"https:\/\/bogdanovsb.com\/index.php\/wp-json\/wp\/v2\/types\/page"}],"author":[{"embeddable":true,"href":"https:\/\/bogdanovsb.com\/index.php\/wp-json\/wp\/v2\/users\/1"}],"replies":[{"embeddable":true,"href":"https:\/\/bogdanovsb.com\/index.php\/wp-json\/wp\/v2\/comments?post=1392"}],"version-history":[{"count":4,"href":"https:\/\/bogdanovsb.com\/index.php\/wp-json\/wp\/v2\/pages\/1392\/revisions"}],"predecessor-version":[{"id":1407,"href":"https:\/\/bogdanovsb.com\/index.php\/wp-json\/wp\/v2\/pages\/1392\/revisions\/1407"}],"wp:attachment":[{"href":"https:\/\/bogdanovsb.com\/index.php\/wp-json\/wp\/v2\/media?parent=1392"}],"curies":[{"name":"wp","href":"https:\/\/api.w.org\/{rel}","templated":true}]}}